(a). What is h(15)?
11
Let l = -4999 + 4992. Let s(h) = -3*h**2 - 26*h - 30. Determine s(l).
5
Let y be (-3)/(-2) - (-42)/12. Suppose 0 = -y*z - n + 25, z = -0*n - n + 5. Suppose 5 = -0*f - z*f. Let a(b) = 3*b**2 - 1. Calculate a(f).
2
Let o(k) = 5*k - 399*k**3 - 400*k**3 + 3*k**2 - 3 + 798*k**3. Let h = 585 + -581. Determine o(h).
1
Let y(s) = -2*s + 4. Let x be -36*(4/24)/(2/(-45)). Let d = x + -129. Calculate y(d).
-8
Let f(t) = t**2 - 7*t + 15. Let p = 4411 - 4407. Give f(p).
3
Let q be 15/(-5)*(1 + 0). Let h(p) be the second derivative of p**4/24 + p**3 - 65*p**2/2 - 13*p - 2. Let t(r) be the first derivative of h(r). What is t(q)?
3
Let i(a) = -a**2 - 6*a - 3. Suppose 7*b + 4*v + 10 = 5*b, -2*v + 7 = 5*b. Suppose s - 6 = 2*p, -b*s + 3*p - 1 = s. Determine i(s).
5
Let i = -4969 - -4972. Let c(a) = -4*a + 18. What is c(i)?
6
Suppose 12*v - 8*v = 36. Let t(c) = 22*c - 12*c - 1 - 3 - v*c. Suppose 0 = 3*n + 2*h + 14, -5 = -n + 5*h - 21. Calculate t(n).
-10
Let g(n) be the first derivative of 0*n + 1/360*n**6 - 1/20*n**5 - 33 + 0*n**2 + 2*n**3 + 1/8*n**4. Let q(k) be the third derivative of g(k). Give q(3).
-6
Let y(w) be the first derivative of w**4/4 + 7*w**3/3 - w**2 - 10*w - 1048. Calculate y(-7).
4
Let t(p) = -5*p - 7. Let n(c) = 8 + 1842*c - 922*c - 913*c. Let a(z) = -2*n(z) - 3*t(z). Determine a(8).
13
Let h(k) = -2*k**2 - 7*k. Suppose -7*m + 177 = -10*m. Let u = m + 29. Let x = u - -25. Calculate h(x).
-15
Let q(b) = -b + 3. Let y(a) = -a**2 + 28*a - 188. Let h be y(14). Calculate q(h).
-5
Let g(n) = 3*n. Let u(o) = -2*o - 17. Suppose 5*a + 41 = -0*j - 4*j, -49 = 5*a - 4*j. Let c be u(a). Let y be 1 + 2 + (-2)/c. Give g(y).
3
Let u be (-10)/20 + (-1)/(-2) - 1. Let h be -2 - (9/(-6))/(u/2). Let p be h + 9 - 2*(-1 - 0). Let y(l) = -l**2 + 7*l - 6. Calculate y(p).
0
Let m(q) = 32*q + 9. Let p(l) = 23*l + 2230. Let t be p(-97). Calculate m(t).
-23
Suppose -r + h + 21 = 5*h, -2*h = 8. Let z(i) = -25*i**3 + 1 + r*i**3 + 20*i**2 - 21*i**2. Calculate z(1).
12
Let g(q) = -3*q**2 + 5*q - 4. Suppose f + 4*f + 5*v - 125 = 0, 2*f + 4*v = 50. Let c be (f/(-25))/(2/(-6)). Determine g(c).
-16
Let g(l) be the first derivative of 1/2*l**2 + 1/20*l**5 + 7/6*l**3 - 19*l + 2/3*l**4 - 14. Let t(c) be the first derivative of g(c). What is t(-7)?
1
Let z(o) = o**3 + 8*o**2 - 8*o + 13. Let m be z(-9). Let i(d) = -4*d**3 + d + 1. Let t(s) = 17*s**3 + s**2 - 2*s - 2. Let g(u) = m*i(u) + t(u). Determine g(-1).
0
Let x(m) = m**2 - 9*m + 5. Let u(v) = 2*v**3 + 14*v**2 + 9*v - 16. Let h be u(-8). Let d = 222 + h. Calculate x(d).
-13
Let i(x) = 334 + 2*x + 332 - 682. Determine i(11).
6
Let p(i) be the third derivative of -i**7/2520 - 7*i**6/720 - i**5/40 - 23*i**4/8 - 8*i**2 - 2*i. Let s(o) be the second derivative of p(o). Calculate s(-5).
7
Let f(u) be the second derivative of 2*u**2 + u**3 + 0 + 4*u - 1/12*u**4. Calculate f(5).
9
Suppose -r - 5*z = -33, 4*z = -0*r + 4*r - 36. Suppose 3*s + 1 = 4*c, r = c - 4*c + 5*s. Let h(m) = -m + 5. Calculate h(c).
1
Let v(t) = 2*t - 20. Let m(i) = 8*i - 41. Let h(u) = -m(u) + 2*v(u). Let a = -1 + 2. What is h(a)?
-3
Suppose 0 = n + 2*n. Let k = n + -7. Let q(o) be the first derivative of -o**4/4 - 8*o**3/3 - 4*o**2 - 5*o + 805. Give q(k).
2
Let d(n) = -n**3 + 10*n**2 - 17*n - 17. Suppose 833 = 65*a + 378. What is d(a)?
11
Let o(u) = u**2 + u - 14. Let h(v) = -2*v**3 + 16*v**2 - 35*v + 11. Let q be h(3). Determine o(q).
-2
Let c(u) = -41*u + 1225. Let y be c(30). Let g(x) = -10*x - 8. Give g(y).
42
Let a(n) = n**3 + 21*n**2 - 22*n - 12. Let t(f) = -378*f + 4514. Let p be t(12). Give a(p).
-12
Suppose -1306*d + 882 = -1348*d. Let t(c) = c**2 + 23*c + 49. Give t(d).
7
Let b(n) = -n**3 - 5*n**2 + n + 3. Suppose 21*a = 28*a - 21. Suppose -a = l + 2. Calculate b(l).
-2
Let o be (15/(-150))/(1/(-10)). Let u(t) = -30*t + 37. What is u(o)?
7
Let i(p) = -23*p - 1. Let g = -694 + 1311. Let m = g + -616. Calculate i(m).
-24
Suppose 5*s - 3*v + 20 = 0, -16 = 4*s - 2*v - v. Let t be 5 - -2*(-5 - s). Let k(f) = t + 1 - 2 - 5 + 15*f. Determine k(2).
27
Let b(q) = -33*q + 3. Let y(m) be the second derivative of 7*m**3/3 - m**2/2 - 196*m. Let h(i) = 3*b(i) + 7*y(i). Give h(-11).
13
Suppose 25*m - 26*m - 7 = 0. Let z(o) = 9*o**2 - 49*o + 17. Let j(r) = 4*r**2 - 20*r + 8. Let s(h) = 7*j(h) - 3*z(h). Calculate s(m).
5
Suppose -2*q = 4*k + 2, 4*k - 5*k - 1 = q. Suppose k = 22*b - 21*b + 7. Let y(u) = u**2 + 7*u + 4. Determine y(b).
4
Let n(c) be the second derivative of 4*c**3/3 - c**2/2 + 69*c - 2. Calculate n(-1).
-9
Let f(l) = -7*l + 2. Suppose 2*j - 20 = 4*r, -17*r - 5*j + 30 = -22*r. Calculate f(r).
30
Let x = 5 + -2. Let g(r) be the first derivative of 30 + 4*r + 1/3*r**3 + 1/2*r**2 - 1/4*r**4. Give g(x).
-11
Let n = 25 - 15. Suppose n = 5*m + 50. Let d(j) = -67*j**2 + 3 + 66*j**2 - 7*j - 6. Give d(m).
-11
Let d(n) = 4*n**2 - 2*n + 1. Let y(q) = 3*q**2 - q + 1. Let m(v) = 2*d(v) - 3*y(v). Suppose 1200*a + 138 = 617*a + 537*a. Give m(a).
-7
Let p(l) = -31 - 25 + 99 + l - 37. Let o = 197 + -203. Give p(o).
0
Let x(h) = -h**3 - 14*h**2 - 7*h - 7. Let y = 8235 - 8248. Give x(y).
-85
Let j(x) be the first derivative of -3*x**2/2 - 2*x - 124526. Let a(y) = y**2 + y - 3. Let s be a(-3). Suppose -3*q = 4*k - s*k, 4*q + 4 = 0. Determine j(k).
-11
Suppose -4*o + 8 = 0, -3*f - f - 16 = 2*o. Let c(m) = 12*m + 10. Let l(p) = -9*p + p + 34 + 28*p + 2 + 22*p. Let a(k) = f*l(k) + 18*c(k). Calculate a(2).
12
Let f = -45 - -49. Let g be f/22 - (-2360)/88. Suppose -g*b + 31*b = -16. Let k(s) = s + 4. What is k(b)?
0
Let v(r) = r**3 - 5*r**2 + r + 4. Suppose -16*c = 11*c + 297. Let n(j) = -10*j - 106. Let s be n(c). What is v(s)?
-8
Let k(v) = -457*v**2 + 230*v**2 - 1 - 2*v + 240*v**2. Suppose 2*w - 6*w = -12. Suppose -b + w = -4*b. Give k(b).
14
Let u = -61 - -61. Suppose u = -5*x - 43 + 63. Let g(v) = -v**2 - 4. Let k(c) = c**2 + c + 5. Let a(d) = 4*g(d) + 3*k(d). What is a(x)?
-5
Let l(m) = m. Suppose 94*h - 248*h = 2156. Give l(h).
-14
Let s(o) = o**3 - 45*o**2 + 489*o + 141. Let a be s(26). Let v(g) be the first derivative of 3*g - 1/2*g**2 - a. Calculate v(-9).
12
Let x(g) = g**3 - g**2 + g + 1. Let i(r) = -r**3 - 15*r**2 - 7*r - 13. Let q be i(-11). Let m = -418 - q. What is x(m)?
7
Let i(x) = -x**2 + 20*x + 61. Let c be i(22). Let a(g) = 14*g**2 - 84*g - 3. Let p(j) = 5*j**2 - 29*j - 1. Let n(m) = c*p(m) - 6*a(m). Calculate n(-10).
-9
Let j(n) be the first derivative of n**3 + n**2/2 + n + 1368. Calculate j(0).
1
Let p(x) be the second derivative of x**5/40 + x**4/6 - x**3/3 - 11*x**2/2 + 23*x. Let u(f) be the second derivative of p(f). Determine u(-2).
-2
Let h be (-2 - 1)/((-12)/12). Let y(z) = -z**3 + 2585 + 11*z - 2579 + 2*z**h + 11*z**2. Determine y(-10).
-4
Let v be (-2)/(-3) - (-15 - (-329)/21). Let f(m) be the third derivative of 0 - 1/24*m**4 + 1/6*m**3 - 6*m**2 + 1/60*m**5 + v*m. Give f(1).
1
Let a(o) = 16*o**2 + 3*o - 2. Let l be a(1). Suppose -9*p + l*p = 16. Let x(c) = -2*c**2 + 4*c. What is x(p)?
0
Let c(l) = -2*l**2 - 7*l - 2. Let t(b) = 8*b**2 + 5*b + 3. Let h(u) = -2*c(u) - t(u). Calculate h(1).
6
Let g(i) = -i**3 + 14*i**2 + 10*i. Let j be g(15). Let m be (4 - 3)/(j/(-18) - 4). Suppose -4*s + m = 2. Let p(n) = -13*n**3. Give p(s).
-13
Let i(n) = -9*n - 24. Let z be i(-3). Let g(k) be the second derivative of 0 + 6*k - 2*k**2 + 0*k**3 + 1/12*k**4. Calculate g(z).
5
Let o be 2/(-10) + (8516/10)/(-2). Let b = 418 + o. Let t(y) = -2*y - 6. What is t(b)?
10
Let q(m) = m**2 + 7*m + 5. Let o(f) = -3*f + 86. Suppose -3*u - 143 = -37*d + 32*d, 12 = 3*u. Let i be o(d). Give q(i).
5
Let j = -30 + 24. Let f(q) be the second derivative of -q**4/12 - q**3/2 + 4*q**2 + 246*q. Determine f(j).
-10
Let m(l) = 3*l**2 + 12*l. Let h(z) = -z**2 - z - 1. Let r = 92 - 91. Let s(g) = r*m(g) + 4*h(g). Determine s(8).
-4
Let n(j) = -j**2 + 25*j + 18. Suppose 3*l - 4*x = 90, 51*l - 40 = 49*l - 4*x. Determine n(l).
-8
Suppose 0 = 2*v - 2*k - 20, 5*v + 3*k + 3 = -v. Let d(s) be the second derivative of 1/3*s**v + 39*s + 1/2*s**2 + 0. Determine d(-1).
-1
Let u(v) = 3*v + 5*v**3 + 0*v**2 + 2*v**3 - 8 + 6*v**2. Let p(a) = 4*a + 10*a**3 + 2 - 1 - 13 + 377*a**2 - 368*a**2. Let m(l) = -5*p(l) + 7*u(l). What is m(-3)?
1
Let r(j) = j**2 - 10*j - 18. Let g be r(12). Let